77 = 0. Is c a prime number?
False
Let d(h) = -370625*h + 134. Is d(-1) prime?
True
Let y(x) = 2*x**2 + 97*x + 26. Let v be -2*(0 + 1)*45/(-6). Is y(v) composite?
False
Let n be 11/(-77) + 2/14 - -4. Suppose -11*h = -10*h + 5*t - 6454, -3*t = n*h - 25765. Is h a prime number?
False
Let k(t) = 8142*t + 8825. Is k(49) prime?
True
Suppose -a = -54 + 50. Let q(u) = 6*u - 17. Let y be q(a). Suppose -y*f + 16*f = 108441. Is f composite?
False
Let a = -30 + 117. Is (2 - (-10312)/6)/(58/a) prime?
False
Suppose -3*q + 245519 = -2540788. Is q composite?
False
Suppose -54440 = -5*l + 54465. Suppose 0 = -2*f + 3*i + l, 0 = -4*f - 3*i + 8862 + 34727. Is f a composite number?
True
Suppose -4*j = -x - 79, 4*j - 40 = 2*x + 38. Suppose 4*f = j + 16. Suppose f*o = 6*o + 1959. Is o a prime number?
True
Is 1 - (6 + (-36)/7) - 2209168/(-28) prime?
False
Let s = -37407 + 99010. Is s a composite number?
False
Suppose -260 = -6*w + 10*w. Let i = 384 - w. Is i composite?
False
Let x(j) = j + 13. Let a(v) = -7*v - 15. Let b be a(0). Let c be x(b). Is (0 - (-873)/(-6))*c a prime number?
False
Let v be 2*(-5)/10*(-3 - 2). Is 1117/(5*v/25) prime?
True
Let d(s) = 417*s**3 + s**2 - 4*s - 1. Let c(f) = 17*f + 70. Let u be c(-4). Is d(u) a prime number?
True
Let f(x) be the second derivative of x**4/6 + 2*x**3 + 5*x**2/2 + 4*x. Let r be f(10). Let c = 482 - r. Is c a prime number?
True
Suppose 15 = -2*f + 19. Suppose 0 = -0*v - 4*v - 3*y + 4773, 2*y = 3*v - 3584. Suppose -5*a + 3*i = -2950, 4*a = f*a + 4*i + v. Is a prime?
True
Is 7 + 427/(-63) - (-150580)/36 a prime number?
False
Suppose 20 = -4*a, -68*o + 64*o - 5*a = -554179. Is o a prime number?
False
Let u be (-1)/(8/3 - 3). Suppose 0 = u*h + 8*s - 5*s - 12306, -12300 = -3*h - 5*s. Is h composite?
True
Suppose -4*r + 2*c = -262 - 866, 3*r = -5*c + 820. Let p = r - 249. Is p a composite number?
False
Let d = -2746 - -6294. Suppose 4*t + 31*c - 36*c = 32, -2*c - 2 = 2*t. Suppose m - d = -t*m. Is m prime?
True
Let o(q) = -7*q - 11*q - 5 + 286*q**2 - 274*q**2. Is o(-8) prime?
True
Is (-200826)/(-4) + 43/86 composite?
False
Suppose -4*q = -10*q + 6. Let s be (q/(-2))/((-2)/16). Is (-1)/(0 + s/(-2008)) composite?
True
Let n = -572255 + 1117966. Is n composite?
False
Is (-14)/4 - -4 - ((-657585)/18 + 10) prime?
True
Let b be 4 + -5 + 7 - 4. Suppose -l + 3 = 0, -b*l - 18189 = -3*t + 21084. Is t composite?
False
Let d = 113151 - -83410. Is d prime?
True
Let s = 263010 - -31601. Is s prime?
False
Let y be 1*(7 + -4) + 0. Suppose 0 = -y*b + 5 + 7. Suppose -2*j = -2*f + 112, -j + 26 = f + b*j. Is f a prime number?
False
Let z be (4/((-48)/(-188)))/((-1)/3). Let u = 49 + z. Is (u*1)/(-1 - 2502/(-2498)) a composite number?
False
Suppose -5*n + 4 = -21. Suppose -12 = -n*o - 3*m + 1, -3*m - 2 = 2*o. Suppose -o*h + 2*p = -2463, 2*h + p - 987 = -0*h. Is h prime?
False
Let n(x) = x**3 + 12*x**2 - 4*x + 3. Let w(i) = -i**3 - 15*i**2 + 17*i + 8. Let u be w(-16). Let r be n(u). Let p = -134 + r. Is p a composite number?
False
Suppose 4*c + 4*l + 37464 = 0, -12*c + 7*c + 2*l = 46809. Let b = -3809 - c. Is b prime?
False
Let c(g) = 384*g**2 + 12*g - 113. Is c(-40) prime?
True
Let k = -23 - -20. Let v(c) = -21*c**2 - c + 4. Let w be v(k). Is w/(-6) - (-6)/9 composite?
False
Suppose -89*u = -93*u. Let i be -3 - (-52)/(4 - u). Suppose i*p - 211 = 9*p. Is p prime?
True
Let m(p) = p**3 + 21*p**2 + 23*p + 94. Is m(36) composite?
True
Suppose -91316 = 5*d - g, 5*g - 10*g + 73036 = -4*d. Is (d/(-9))/8 + (-4)/6 a prime number?
False
Suppose -p - 2 + 6 = 0. Suppose -30376 = -4*y + x, -30376 = -p*y - x - 4*x. Suppose -3*v - 3*m + 4566 = 2*m, 0 = -5*v - 3*m + y. Is v composite?
True
Suppose 411311 = 2*b + 145*m - 148*m, -1028252 = -5*b - m. Is b prime?
True
Let x(w) = w**3 + w - 15. Let p be x(3). Let z(h) = 246*h + 127. Is z(p) prime?
False
Suppose -q = -2*j - 10, 4*q + j - 3 = 1. Let n be -2 + 5 - (-5)/(-5). Suppose n*m - 1696 = -3*h, 0 = -h - 0*h - q. Is m prime?
False
Let c be (-13607)/5 - (-6)/15. Let v = c + 52982. Is v prime?
True
Suppose -16*w - 99 = -3. Is (21 - 24)*2396/w a composite number?
True
Let z be 71 - ((-5)/3 - (-4)/6). Let w = -225 + z. Let g = -70 - w. Is g a composite number?
False
Let y = -116 - -90. Let v(b) = -b**3 - 9*b**2 - 33*b - 3. Is v(y) a prime number?
True
Let p be (-12)/(-1 + -1 + 1). Suppose 15 = p*x - 13*x. Is -46*1*(1 - x/(-2)) prime?
False
Let y(f) = -177*f + 18215. Is y(0) a prime number?
False
Let l(o) = -904*o**3 - 3*o**2 + 5*o - 7. Let b be l(-4). Is ((-1)/2)/((-7)/(b - 3)) a composite number?
False
Suppose -6 = 3*h + 3*o, -2*h + 3*o - 2*o = -5. Let s(f) = 325*f**3 - 2*f + 3. Is s(h) prime?
False
Suppose -180673 = -11*s - 152. Is s composite?
False
Let a = -531177 - -1230748. Is a composite?
False
Let h(z) be the first derivative of 10*z**3/3 - 3*z**2/2 - 6*z + 74. Let s(d) = 2*d**3 + 2*d**2 - d + 1. Let j be s(-2). Is h(j) a prime number?
False
Let a be (-12)/(-4)*5/((-75)/(-70)). Suppose -a*r + 17*r = 759. Is r prime?
False
Let n(j) = -180*j + 6. Let t be n(2). Is -2 - -66*(t/(-4) - 5) a prime number?
False
Suppose 539844 = 15*b - 38*b + 2215601. Is b prime?
True
Let d = -89 - -88. Let x be d/4 + 31292/(-16). Let w = 3299 + x. Is w prime?
False
Suppose 105*m = -210*m + 762661935. Is m composite?
False
Is (12452964/9 - 8)*(-6)/(-8) a prime number?
True
Let d(y) = -1130*y**3 + 5*y**2 - 3*y. Let r be d(1). Let u = -587 - r. Is u a prime number?
True
Suppose 16 = 5*r - 0*r + c, -2*c + 14 = 4*r. Is (-16)/24 + r + 15928/6 prime?
True
Suppose 5*l + 14 = 39. Let c be -2 + l + (-12)/(-3). Suppose 9*f - 1726 = c*f. Is f a composite number?
False
Let u(i) = -13*i + 19. Let g(v) = v**3 + v**2 + 4*v + 6. Let f be g(-3). Is u(f) a composite number?
False
Suppose 5*w = -2*i + 13, 6*w - 15 = -3*i + 3*w. Suppose i*c = -s + 6269, -2*s + c = 5*c - 12526. Is s composite?
False
Let n = 212 - 212. Is 76 - (-3 - -2) - n/(-12) a composite number?
True
Suppose -3*p = -2071 - 1304. Let l = p - -1161. Suppose -2*g + l = 7*g. Is g composite?
True
Let q(b) = 27*b**2 + 15*b - 13. Let w be q(-7). Suppose 305 = -4*z + 5*z - 2*s, -4*z + w = -5*s. Is z composite?
True
Let q(n) = -3 + 2 + 86*n**3 - 30*n + 16*n + 18*n. Is q(3) prime?
True
Let a = 3850 - -6972. Let u = a + -2745. Is u a prime number?
False
Let a(p) = 32*p**2 + 19*p - 332. Is a(31) prime?
False
Suppose -16 = -7*s + 19. Suppose -5*w - 470 = -s*i, -i = -6*i + 2*w + 470. Let d = 117 - i. Is d a prime number?
True
Suppose -22 = 5*z + 3*c, 0*z + 5*c + 16 = 2*z. Let a be (14796/90)/(z/(-5)). Suppose -b - 3*m = -166, 5*m - a + 82 = -2*b. Is b a prime number?
True
Let j(h) be the third derivative of 179*h**4/24 + 79*h**3/6 + 234*h**2. Is j(20) composite?
False
Let n(f) = -f**2 - 30*f + 66. Let c be n(-32). Let l(b) = 3047*b + 19. Is l(c) prime?
True
Let u(h) = 606*h + 1744187. Is u(0) composite?
False
Let a(t) = -2607*t - 11014. Is a(-61) prime?
True
Let g(d) = -3*d**2 + 17*d + 20. Let t be g(7). Let l(b) = 154*b**2 - 8*b - 139. Is l(t) composite?
False
Let o(q) = 10*q**2 - 117*q + 306. Is o(-95) prime?
False
Let i(s) = 7*s**3 - 11*s**2 - 18*s + 5. Let x be i(10). Suppose 3*c - x = 2*f, -4*c + 3820 = -2*c - 3*f. Is c a composite number?
False
Is 3*289008 + -7 + -16 composite?
False
Let m(y) = -y**3 - 2*y**2 + y - 3. Let l be -2*(4 + 5/(-2)). Let x be m(l). Suppose -3*p + 2*q - x*q = -271, -q + 449 = 5*p. Is p a composite number?
False
Let c(b) be the third derivative of 0 + 1/12*b**6 + 1/24*b**4 + 0*b - 11/6*b**3 + b**2 - 1/20*b**5. Is c(5) composite?
True
Let k(c) = -4*c**3 - 31*c**2 + 41*c - 18. Let b be k(-23). Suppose 23*o = 11*o + b. Is o composite?
False
Suppose 725*v + 1350516 = 731*v. Is v a composite number?
True
Suppose 10*u + 57 = 157. Suppose u = -6*n - 32. Is (-3958)/n + 24/(-56) a prime number?
False
Is 208417 + 1 - (-12 - -3)*-1 a prime number?
True
Suppose 99 = 6*g + 69. Suppose 5*c - 45900 = -m, 2*m - 29647 = -g*c + 16248. Is c a composite number?
False
Let a(v) = -v**2 + 7*v + 4. Let q be a(7). Suppose 0 = w + q*u + 11, -2*w - u + 2 = 3. Is 3/(12/331)*(5 - w) composite?
False
Let r be (2 - -1)*123*1. Suppose -1596 = -20998*l + 21010*l. Let m = r - l. Is m a prime number?
False
Suppose -3*i + 1 = -3*c + i, -30 = -2*c - 5*i. Let v(g) = 5*g + c*g + 9*g + 19 + g**2 - 10*g.